(28 + -18 - 4) + (2 - -1)
39
Calculate 30 - 17 - (21 - (-3 + 5)).
-6
Calculate 9 + (-21 - 4 - (-12 - -6)).
-10
What is the value of 6 + (9 - 39) - 2?
-26
66 - (79 + (-23 - 15))
25
Calculate (0 + -12 - 17) + 33.
4
Calculate 7 - 15 - (15 + -8 + -13) - -29.
27
Evaluate 8 - -1 - (4 + (-3 - -7) - 2).
3
Calculate 12 + 13 + -10 + -3 + -5.
7
Evaluate -10 + (8 - -3 - (48 - 21)).
-26
Calculate 30 + (2 - (10 + -1)) + -5 + 3.
21
What is 34 + 26 - 46 - (1 - -22)?
-9
(-7 - 2) + -15 + -1 + 39
14
15 - (-13 + 10 + 10)
8
Calculate -5 + 5 - -5 - 10.
-5
Evaluate 12 + -6 - (5 + (-17 - -7)).
11
Calculate 11 - (10 - (-11 - -7 - 16)).
-19
What is -55 - (20 - (40 - -8))?
-27
Calculate 30 + (12 - 8) + -23.
11
What is 0 + (-8 - (-12 + 12)) - -6?
-2
(-38 + 56 - (2 - -7)) + 3
12
Calculate 19 + -10 + 7 - 7.
9
Calculate (9 + 6 - 6) + (-12 - -6 - 0).
3
Evaluate 1 + -25 + 7 + 7 + -21.
-31
-46 - 4 - -22 - -38
10
What is the value of (41 - (-14 - 6)) + -34?
27
Calculate 19 - 7 - -30 - 21.
21
Evaluate -5 + 7 + (-11 - -8) - -4.
3
Evaluate (-7 + -25 - -4) + 23.
-5
31 + -22 - (-4 - (5 + 1 - 6))
13
Evaluate -9 - (7 + -1 + 1 + -8 + 0).
-8
Evaluate (16 - 1) + 13 + -2 + (-9 - 8).
9
Calculate (1 + 4 - 8) + (-6 + 24 - 4).
11
What is 24 - ((11 - 17) + 11)?
19
(41 - 21) + -9 + 7
18
(10 - 10 - -1) + 5 - -6
12
-433 + 424 - (-20 + -1 + 3)
9
What is 17 + -2 + 38 + -56?
-3
Calculate 106 + -102 + (9 - (-1 - -3)) + 0.
11
33 + -14 + -35 + 17
1
13 + -2 + -45 + 16
-18
Evaluate -2 + (-9 - -39) + -5 + -9.
14
Calculate (-48 - (-38 - 0)) + -1 + -1.
-12
What is the value of 2 + 26 + -27 + (0 - -16)?
17
What is the value of 22 + -1 - (-17 + 35 - 10)?
13
(4 - 16 - -2) + 38 + -2
26
What is the value of (0 - (1 + -8 + 13)) + 4?
-2
What is (-52 - (16 + -37)) + 23?
-8
Calculate 479 - 485 - (1 - 1 - 2).
-4
What is 12 + (-5 - -8) + -8?
7
What is (-5 - -5) + -5 + 0 + -1?
-6
What is (1 - 11) + -13 + 23?
0
What is -5 - (-23 + (8 - 9))?
19
Calculate 84 + -83 - (0 - -2) - (-1 - -5).
-5
-4 + 0 - (-4 - -4 - -4 - 3)
-5
Evaluate -1 + -1 + (-2 - (-10 + 0)) + 14.
20
Calculate -9 - (-21 + 8 + 2).
2
Calculate (-9 - ((-1 - -8) + -15)) + -3.
-4
What is 22 - (-26 + 27 - -30)?
-9
98 + -99 - (6 + -3 + 4) - -27
19
What is 1 + 5 + 3 - (16 + (22 - 26))?
-3
(2 - (-10 + 22)) + 16
6
What is 13 + -29 - (-21 - -6)?
-1
1 + 2 + 346 + -332
17
1 + -5 - (283 + -276)
-11
What is the value of (0 - (7 + -3 + -7) - -3) + 5?
11
What is -3 + -13 + 279 + -247?
16
What is -1 - -4 - (11 + (4 - -5) + -8)?
-9
Evaluate (2 - 0 - (-9 - 2)) + 8 + -13.
8
Evaluate 10 + (-7 + 22 - 4) + (10 - 9).
22
(-2 - 10) + 7 + 21 + (1 - 8)
9
What is (-3 - -3) + -13 + 15?
2
What is -6 + 4 + 0 + (-2 + 1 - 0)?
-3
Evaluate -29 + (1 - (1 - -14)) + 27.
-16
What is (-25 - -12) + 14 + -1 + -10?
-10
What is the value of -2 + 1 + (2 + 23 - 12)?
12
Calculate -17 + 28 + -25 + 29.
15
Evaluate 0 + 6 + 10 - -1.
17
Evaluate 396 - 376 - (0 - -20).
0
What is the value of 235 + -245 + (1 + 27 - -1)?
19
What is -7 - (0 - -9 - (-16 + 20))?
-12
Evaluate 5 + (11 - 22 - 3).
-9
What is the value of -8 - -15 - -12 - 15?
4
What is the value of 7 + -5 + (1 - 4)?
-1
What is 11 + -12 + 33 + -23?
9
Calculate (0 - 16 - -33) + -20.
-3
What is the value of 4 + (5 - 0 - (2 + (8 - 1)))?
0
(-32 + 14 - -12) + -2 + 2 + -17
-23
What is the value of 1 + (12 - 13) + (0 - 5) - 3?
-8
What is -6 + (4 - -23) + -10 + -1 + -6?
4
Evaluate 17 + (-22 + 9 - (33 - 40)).
11
Calculate 6 - (-4 - 24 - (-23 - -25)) - 6.
30
What is the value of (1 - -2) + (7 - 17) + -6 + 10?
-3
What is the value of 25 + 4 + -19 - 15?
-5
Calculate (-92 - -84) + 2 + (4 - (1 - 33)).
30
Evaluate 5 - (8 + (-3 - -1) + 10).
-11
Calculate -8 + 26 + -11 + 9.
16
Calculate (-8 - (9 - 3)) + 7.
-7
16 + (-3 - (6 - (0 + -9 + 28)))
26
Calculate -9 - -45 - 15 - 12.
9
Calculate -2 + (30 + 7 - 23).
12
What is the value of (-20 + 17 - (1 - -1)) + 7?
2
14 + -10 + 8 + -4 + -2 + 1
7
(25 - (-11 + 25)) + -26
-15
What is the value of -9 + 12 + 8 + -36?
-25
What is 54 + -31 + -19 + -20?
-16
Calculate 34 + -30 + (-10 - -1) + 19.
14
What is the value of 4 - (-9 - -24) - 6?
-17
What is the value of (-4 - -1) + (-302 - -313)?
8
Calculate -11 + -32 + 33 + 0 + 5.
-5
What is (3 - -14) + 22 + 1 + -27?
13
Evaluate -18 - (-5 - 11 - -10).
-12
Evaluate 102 + -89 - (-2 + 38) - -17.
-6
What is the value of 6 - (-16 - ((-2 - 6) + (27 - 25)))?
16
Calculate -21 - (12 + -19) - (1 + -9).
-6
Calculate 37 + (-88 - -2) + 14.
-35
Evaluate 16 - ((7 - -15) + -6) - (1 + 8).
-9
-1 + -62 + (-1117 - -1155)
-25
Calculate -2 + 4 - (11 + (-2 - 9 - -25)).
-23
Calculate 1 + 6 - (15 - (-4 - -9)).
-3
-6 - (0 + 50 + -49 + (-6 - 0))
-1
(24 - 2 - 19 - (0 - 0)) + -31
-28
Calculate 263 + -231 - (7 + 0 - 0 - -1).
24
What is (-57 - -27) + 34 - (-3 + 2 + 21)?
-16
What is the value of 9 + -8 + (0 - (6 + -6))?
1
-9 + 15 + 4 + -22
-12
What is the value of 2 + (-2 - (-6 + (-2 - -8)))?
0
What is -131 - -111 - (5 + -24)?
-1
Evaluate -4 + (4 - 0) - (-5 - (-18 + -5)).
-18
Evaluate -16 - (-18 + 1) - (-2 - 14).
17
3 + -10 + (12 - (25 - 11))
-9
Calculate -3 + 0 + -4 + 5 - 4.
-6
-2 + (6 - (-2 - (-2 + (-4 - -2))))
2
Calculate -28 + -6 + (10 + -1 - 0).
-25
(12 - (-19 + 6 + 7)) + -7
11
Calculate 94 + -104 - (-15 - (2 + 0)).
7
What is the value of (-17 + 33 - 11) + 3?
8
What is the value of (7 - 4) + (36 - 7) + -20?
12
What is (-4 - (6 - 5) - -9) + (-9 - 0)?
-5
What is the value of 20 + -30 - (-20 - -2)?
8
17 + -24 + 10 + (-12 - -14)
5
What is the value of (-16 - -12) + 11 + -14 + 29?
22
What is -1 - (-12 + -12 + 24 + 6)?
-7
Calculate -1 + 1 + (-8 - ((8 - 8) + -7)).
-1
(-3 + 22 - -2) + (43 + -32 - 14)
18
Evaluate 48 + -30 + -14 - (0 - -9).
-5
What is the value of -5 + (-9 - -12) + -9 + -5?
-16
Evaluate -14 + -14 + 48 - (0 - -37).
-17
Calculate -37 + 16 + 13 - (1 + (3 - 2)).
-10
Calculate -9 - -1 - (17 - 26 - -7).
-6
Evaluate (0 - -38) + (-29 - -2 - -9).
20
-10 - (-11 + 6) - -10 - (-24 - -7)
22
What is 2 + (19 - 28) - (-5 + 0)?
-2
Calculate 3 + (10 - (5 + -2 + -16)).
26
Calculate 151 - 149 - (11 + 1 + -3).
-7
-12 + (4 - 1) + (8 + -2 - 11)
-14
Calculate (9 - 16 - 5) + -3 + 2.
-13
What is the value of -1 - (3 - (0 + 7) - -6)?
-3
What is the value of 0 + (-8 + (2 + -7 - -4) - -6)?
-3
Evaluate (-17 - (-18 - -9) - (1 - 18)) + -13.
-4
What is the value of -11 - (7 - (-10 + 21))?
-7
Calculate 2 - (32 + -32) - (9 - 2).
-5
Calculate 1 + -3 + (10 - (-15 - -7 - -12)).
4
0 - 5 - (-24 + (-20 - -44))
-5
What is 2 + -18 - (-14 - (-26 + 21))?
-7
(-25 + -5 - -21) + (0 - -20)
11
1 + 7 + (-12 + 8 - (7 + -3))
0
What is -113 + 90 - (-13 + -9)?
-1
Calculate 2 + (6 - 8 - (-1 + 5)).
-4
Evaluate -4 + -6 - -7 - (6 + 1 + -3).
-7
Evaluate (-3 - (-17 + 9 - 6)) + -3.
8
What is the value of 11 - (1 - (-8 - (7 + (-5 - 6))))?
6
-1 - (-3 - 12) - (1 - (0 - -9))
22
What is the value of 8 + (6 - (5 + -4 + 6))?
7
Evaluate 16 + (-3 - 21) + -21 + 1 + 1.
-27
Evaluate (-11 - 0) + -5 + 5 + 3 + -12.
-20
Calculate 51 + (-11 - -7) - 6.
41
(27 - (-5 - -10)) + -2 + -10 + 11
21
Calculate 12 - (2 - (11 + -1 + -10)).
10
((-8 + 8 - 18) + -6 - -3) + 4
-17
-10 + -11 + 19 + (-2 - 5)
-9
Evaluate -9 + (6 - (6 + -7 + 3)).
-5
What is the value of (-4 - -1) + 10 + (149 - 171)?
-15
What is the value of -188 + 187 - (3 - (0 + 1 - -3))?
0
46 + 1 + (977 - 993)
31
Calculate (-10 - (3 + -29 - (41 - 37))) + 6.
26
What is the value of -11 + 13 + (2 - 2) + -1 + 9?
10
Calculate 7 - ((1 - 1) + -14 + 11 - -1).
9
What is 1 + (-1 - -1) + (54 + -18 - 41)?
-4
Calculate 30 + 5 + -7 + -12 + 8.
24
Evaluate 4 + -2 - (13 + 9 + (-14 - 7)).
1
Calculate 40 - 20 - (-2 + (2 - (4 - 2))).
22
179 + -190 + (12 - 0)
1
What is 32 + 0 + (1131 - 1126)?
37
Calculate (-1 - -3 - (-7 + -2)) + -19.
-8
Evaluate 1 + 31 + -355 + 341.
18
Evaluate -1 + -3 + -71 + (7 - -31).
-37
What is (-5 - 0) + -94 + 55 + 29?
-15
Calculate 625 + -645 - (-2 + 1 + -4).
-15
Evaluate (-25 - -48) + -16 - (5 + 0).
2
Calculate 7 - (5 + -5 + 25).
-18
What is -2 + 1 - ((15 - (-12 + 21)) + -1)?
-6
What is 14 + -14 - (14 - 2)?
-12
Evaluate 20 + -3 + 1 + 3 + 3 + -7.
17
Evaluate 2 - 3 - -5 - (20 + 44 + -53).
-7
Evaluate 1 + 15 - 24 - (0 - -3).
-11
Calculate -7 + -1 + (10 - (6 + 1)).
-5
What is the value of -18 + 21 - -15 - 21?
-3
(20 - 4 - 23) + -4 + -5
-16
Calculate -21 + (39 + -14 - 9).
-5
What is 0 + 6 + (11 - 16) + 16 + -15?
2
What is -1 + 0 + (-7 - -2) 